highest common factor of r and 22.
11
Suppose 4*n - 256 = 3*o, -3*n + 153*o - 155*o = -107. Let w = 54 + 2. Calculate the greatest common factor of w and n.
7
Let g be 4/6 - (-10)/3. Suppose 21*k = -4*o + 20*k + 63, k = o - 7. Calculate the greatest common divisor of g and o.
2
Let l = 39264 + -38368. What is the highest common divisor of l and 8576?
128
Let f be 4 + 2/(-1) + 18. Let c(k) = 4*k - 27. Let v be c(8). What is the highest common factor of v and f?
5
Let c(n) = n**3 - 25*n**2 + 29*n - 107. Let z be c(24). Let f = 2601 - 1340. What is the highest common divisor of z and f?
13
Let p(u) be the first derivative of 18*u**3 + 2*u**2 + 2*u - 5. Let t be p(-1). Let k = -622 + 1194. What is the greatest common divisor of t and k?
52
Suppose 0 = -v + 9*v - 4352. Suppose 8*n - 224 = v. Calculate the greatest common divisor of n and 144.
48
Suppose 0 = -z - 3*z + 28. Let n be 4/(-5 + 4) - (-63 + -1). Suppose 3*f = u + n, -5*u - 6 = 3*f - 4*f. What is the highest common divisor of f and z?
7
Let n be 151 - (-26)/416*-656. Let b be 0 - 3 - (-2 + -81). Calculate the highest common divisor of b and n.
10
Let j = -12877 + 12971. What is the greatest common factor of 5123 and j?
47
Let i be 31/(-279) + (-1639)/(-9) + 2. Suppose 0 = 9*m - i - 41. Suppose -4*n + 2*n + 150 = 0. Calculate the highest common divisor of m and n.
25
Let y = -4898 + 4989. Suppose t + 312 = 5*t. Let o = y - t. What is the greatest common divisor of o and 143?
13
Let o be (108/(-45))/(2 - (-3792)/(-1890)). What is the greatest common factor of o and 203?
7
Let h(k) = k**2 + 12*k - 8. Let i be h(-13). Suppose -2*x = -2 - 6, i*u - 2*x - 2377 = 0. What is the highest common divisor of 53 and u?
53
Let c(f) = 234*f**2 + 8*f + 14. Let t be c(-2). Suppose 19*y - t - 719 = 0. Calculate the highest common divisor of 29 and y.
29
Let y(p) = -4*p - 4. Let o be y(-6). Let j be 1*110*o*17/136. What is the highest common factor of j and 125?
25
Suppose -3*c = -3*l - 4*c + 20, 0 = 4*c + 16. Suppose l*s + 5 = 37. Let n be 143/33 + s/6. Calculate the highest common factor of 45 and n.
5
Let m = 2748 - 2730. What is the highest common factor of 1098 and m?
18
Let a(d) = 31*d + 1151. Let v be a(-31). What is the highest common divisor of v and 95?
95
Suppose 123 = 32*d - 29*d + 4*c, -2*c = -5*d + 231. Calculate the highest common factor of d and 390.
15
Suppose -96*t + 5378 = 2. Suppose 5*b = 4*r - 207 - 450, 0 = -5*r + 2*b + 834. Calculate the highest common factor of t and r.
56
Let c = -9 + 11. Suppose -p + 28 = -5*p + c*k, -p - 5*k = -4. Let z be 72/(-12)*(-2 + (-8)/p). What is the greatest common factor of z and 10?
2
Suppose 12*z = 84*z - 54720. Calculate the highest common divisor of 40 and z.
40
Suppose -8*l = -9*l - 5, -k = 5*l - 80. Calculate the greatest common factor of k and 1491.
21
Suppose 541 = 4*d - 5*j + 154, -d + 97 = -j. Suppose 0 = -27*n + 34*n - d. Calculate the greatest common factor of n and 182.
14
Suppose -128*j + 112*j = -2688. What is the highest common factor of j and 21?
21
Suppose 0 = -31*l + 73*l + 5605 - 59113. Calculate the greatest common divisor of 35 and l.
7
Suppose -3*u + 2*v - 429 = 35, -4*u - v - 604 = 0. Let t = u + 263. Let q = t - 83. What is the highest common divisor of 84 and q?
28
Suppose -181 = -5*h - 131. Suppose 88 = -h*u + 768. Calculate the greatest common factor of u and 153.
17
Let a(v) = -v**2 - 97*v + 644. Let w be a(-76). Calculate the highest common divisor of 50 and w.
10
Suppose -2*g - 8 = 40. Let t be (0 + 2 + -6)*(-5322)/g. Let s = -627 - t. What is the highest common divisor of 52 and s?
52
Let c = -9143 + 9326. What is the highest common divisor of 1525 and c?
61
Suppose -3*f = 3, -64 = -5*w + 4*f + 45. Let v = -66 + 115. Calculate the greatest common divisor of w and v.
7
Suppose 5*b - 5*o + 20 = 0, -28*b - 3*o = -25*b - 24. Suppose 0 = g + 2*p - 36, -2*g + 77 = 4*p + p. Calculate the greatest common divisor of g and b.
2
Let g = 157 + -146. Suppose -3*a - 12 = -r, -4*r + 48 = 6*a - g*a. Calculate the highest common factor of 108 and r.
12
Let y(a) = -86*a**3 + a**2 - a - 1. Let o = -12 + 21. Suppose 10*k + 1 = -o. Let z be y(k). Calculate the greatest common divisor of 29 and z.
29
Let f(x) = 12*x**2 - x + 2. Let t be f(-2). Let h be t/6 + 2/(-3). Suppose 64*w + 486*w = -13091 + 61491. Calculate the greatest common divisor of w and h.
8
Let i be 44118/(-45)*(-15)/9. What is the greatest common divisor of i and 266?
38
Let q be 87/3*(-2 + 12). Let w = 55083 + -55053. What is the highest common divisor of q and w?
10
Suppose 24*l - 5*l = 3800. Suppose 18*n + l = 22*n. Calculate the greatest common divisor of 10 and n.
10
Let g(q) = 129*q + 1193. Let p be g(30). Calculate the greatest common divisor of 249 and p.
83
Let v(w) = 18*w - 32. Let z be v(2). Suppose z*n = 687 + 149. What is the greatest common factor of 11 and n?
11
Suppose 0 = 2*y + 2, 5*n - 1180 = 71*y - 66*y. Calculate the highest common factor of 611 and n.
47
Let f be (8/(-20) - 36/10) + -1. Let q be (-24)/f*45/18. Let j be 37 + 9/q + (-20)/(-16). What is the greatest common divisor of 13 and j?
13
Let a(l) be the third derivative of l**5/60 - 13*l**4/24 + 3*l**3/2 - l**2 + l. Let q be a(-18). What is the greatest common divisor of q and 81?
81
Let g = 2191 + -2153. What is the greatest common divisor of g and 1862?
38
Suppose x - 3*u - 93 = 4*x, x + 33 = -3*u. Let o be ((-2)/5)/(1/x). Let a be 10 - ((-3)/2)/((-36)/(-48)). What is the greatest common factor of o and a?
12
Let c(h) = h + 37. Let m be c(-18). Let u(f) = f**3 + 2*f**2 + 29 - f - m - 3*f**2. Let j be u(0). Calculate the highest common divisor of 20 and j.
10
Suppose i - 3*b = 13, 0*b + 2*b = 2*i - 22. Let g be (-1 - i/(-8)) + (-1295)/(-148). What is the greatest common divisor of 4 and g?
1
Let i be 0 - (5/10*2)/(-1). Let o be (-220)/(-5)*i + 4. What is the greatest common factor of o and 64?
16
Let c(d) = 18*d**3 + 3*d**2 + d - 4. Let o be c(2). Suppose 4*h - 4 = -f + 26, 0 = -f + 2*h + 18. What is the highest common factor of f and o?
22
Let j = -110 + 119. Let m be 3 + (-15)/j + 28/6. What is the greatest common factor of m and 21?
3
Let n = 1975 + -1967. Calculate the greatest common factor of n and 444.
4
Suppose -2*s = 4*q - 37028, 45*q - 42*q = 2*s - 37021. Calculate the greatest common divisor of s and 624.
208
Let j be ((-65)/(-11))/((-35)/(-1925)). Calculate the greatest common divisor of j and 585.
65
Let z be (22968/220)/(((-27)/(-10))/9). What is the highest common divisor of z and 384?
12
Suppose -5*r + 113 = -0*y + y, 0 = y + 3*r - 107. Suppose 22 = 4*v + 5*j - 179, -2*v + 94 = -4*j. What is the highest common factor of y and v?
49
Let h be (-5)/(75/(-57672)) + -4*(-8)/160. Calculate the greatest common factor of 5 and h.
5
Suppose p - 39 = -3*t, 4*p - 3*p + t = 43. Suppose -o + 5 = -20. Suppose -15*s = -10*s - o. Calculate the greatest common factor of p and s.
5
Suppose 0 = -368*h + 389*h - 16464. Calculate the greatest common factor of 144 and h.
16
Let s(m) = 12*m - 19. Let o be s(4). Let f = 31 - o. Suppose 4*d = 5*c - 38, 0 = -f*c + 3*c - 3*d - 1. Calculate the greatest common factor of c and 15.
5
Let a = -2598 - -4479. What is the greatest common divisor of a and 3168?
99
Let n be ((-7)/(-14))/((29/(-203))/((-174)/7)). Calculate the greatest common divisor of 4466 and n.
29
Let n = -5797 + 5806. What is the highest common divisor of n and 18?
9
Suppose 2*m - 3*m = 0. Let c be (m + -3)/(0 + -1). Let l be (-18)/(7*(10 + 504/(-49))). Calculate the greatest common factor of c and l.
3
Let b(n) = 489*n - 7240. Let d be b(15). Let a = -10 + 29. What is the greatest common divisor of d and a?
19
Suppose 5*a = -2*t + 3804, 2*t - 4*t = -14. Calculate the greatest common divisor of a and 3.
1
Let q be (144/(-42))/(6 + (-44)/7). Calculate the greatest common divisor of q and 6060.
12
Let d be (-3106)/(-13) + 3 + 17/(-3094)*-14. Calculate the greatest common factor of d and 27346.
242
Let q be 7/((-189)/(-31338)) + 10/(-15). What is the greatest common divisor of q and 40?
40
Suppose 4*z + 7*h = 2*h + 50, -4*z + 2*h = -64. Let g be 44/(-55)*(-350)/(-4). Let n be (10/3*9)/((-28)/g). What is the greatest common divisor of n and z?
15
Let t(y) be the third derivative of y**6/60 - 3*y**5/10